 prime factors of n(w)?
163
Let h be 5 - ((-18 - -5) + -4). Suppose -h*q + 21*q + 58 = 0. What are the prime factors of q?
2, 29
Suppose -252 = 6*m - 15*m. What are the prime factors of -3*((-3)/(-4) - 12649/m)?
3, 11, 41
Let w(h) = 41*h**2 + 23*h - 101. List the prime factors of w(5).
1039
Suppose -4*h = 3*h + 560. List the prime factors of (-48)/(415/h + 5).
2
Suppose -6 = 7*t - 9*t. Suppose 0 = p - t*n - 46, 5*p - 81 = 4*n + 204. Let g = 65 - p. What are the prime factors of g?
2
Let c(n) = n. Let g = 4 + 2. Let i(x) = 169*x + 3. Let h(z) = g*c(z) - i(z). What are the prime factors of h(-1)?
2, 5
Suppose -38635 = -u - 12*u + 17486. What are the prime factors of u?
3, 1439
Let s(l) = 240*l**3 - l**2 - 3*l + 4. Let b(d) = -d**3 + 3*d**2 - d - 1. Let y be b(2). What are the prime factors of s(y)?
2, 3, 5
Suppose 19*c = -c - 240. Let f(t) = 8*t**2 + 13*t - 144. List the prime factors of f(c).
2, 3, 71
Let s = 502 + -505. List the prime factors of (0 - (3 + s)) + 716 + 2.
2, 359
Suppose -11*r + 25*r = 70. Suppose r*m + 15 = 0, -u + 82 = 2*m - 72. List the prime factors of u.
2, 5
Let g(j) = -1422*j**3 - 6*j**2 + 2*j. List the prime factors of g(-1).
2, 7, 101
Let h(j) = -j**3 - 67*j**2 - 101*j - 174. What are the prime factors of h(-66)?
2, 3, 89
Let q(i) = 6033*i - 542. List the prime factors of q(8).
2, 107, 223
Let m = -72 + 78. Suppose 0 = -m*f + 930 + 816. What are the prime factors of f?
3, 97
Let o(d) = -5*d**3 - 5*d**2 + 19*d + 8. Let g(f) = f**3 + f**2 - 2*f - 1. Let r(p) = -6*g(p) - o(p). List the prime factors of r(-10).
2, 11
Suppose 30272 = 4*b - 3*x, -5*x + 15162 = -12*b + 14*b. What are the prime factors of b?
67, 113
Suppose 4*n = -2*b + 864 - 160, 0 = 5*n. Suppose -201 + 771 = 5*o - 5*x, b = 3*o - 5*x. What are the prime factors of o?
109
Let d = -388 + 391. What are the prime factors of 16305/60 + ((-17)/(-4) - d)?
3, 7, 13
Suppose 0 = -27*a + 7*a. Suppose a = -4*i - 5*c + 83, -5*i - 63 = 4*c - 178. What are the prime factors of i?
3
Let q = 544 + -878. Let b = q + 555. List the prime factors of b.
13, 17
Suppose -5*q + 3359 = 2*o, -4*q - 6258 = -4*o + 530. Suppose -6*c = -3204 - o. List the prime factors of c.
2, 3, 17
Let l(q) = -7*q - 21. Let y(c) = -64*c - 188. Let d = 53 + -25. Let v(u) = d*l(u) - 3*y(u). What are the prime factors of v(-13)?
2, 7
Let c(j) = j**2 - 3*j - 129. Let k be c(16). Let t = k - 49. What are the prime factors of t?
2, 3, 5
Let j(n) = 2*n**2 + 33*n - 9. Let c be j(-17). What are the prime factors of (56 - 16)*(74/c + 2)?
2, 3, 5
Let m(x) = 601*x**2 - x + 85. What are the prime factors of m(3)?
17, 19
Suppose -618890 = -81*a + 16*a + 695865. What are the prime factors of a?
113, 179
Suppose -t + 4298 = -5*z, 0 = 2*t - 3*z - 8142 - 426. List the prime factors of t.
2, 3, 23, 31
Suppose -310*c - 4544 = -318*c. Let x = c - 39. What are the prime factors of x?
23
Suppose 0 = -4*x + 6 + 2, 4*n = 3*x + 26. Suppose s - 387 = -n*s. Suppose 157 + s = 5*l. What are the prime factors of l?
2, 5
Let f = 26790 - 12012. List the prime factors of f.
2, 3, 821
Suppose -w - 2*f - 4 = 0, 0 = 3*w + f - 3. Let o be 2/(-7) - (6168/(-28) + -3). Suppose -r + 3*r + c = o, -6 = w*c. What are the prime factors of r?
113
Let a(z) = 231*z**2 + 24*z - 24. Suppose 3*k = u + 2, -7*k - 3*u = -2*k - 8. What are the prime factors of a(k)?
3, 7, 11
Suppose -4*w = -112*h + 115*h - 4060, h = -5*w + 1368. List the prime factors of h.
2, 337
Let j = 6 + -1. Suppose -6*h + 15 = -3*h, -c + j*h = -133. Suppose 4*v - 4*s = 276, -4*v = 2*s + c - 422. List the prime factors of v.
67
Let w = 15661 - 14741. List the prime factors of w.
2, 5, 23
Suppose 4 = -2*m - 5*z, -2*m = -5*z - 8 - 28. Suppose 4*w - b = 37, -5*w - m = -5*b - 73. Suppose w*k + 38 - 374 = 0. What are the prime factors of k?
2, 3, 7
Suppose 4*t - 6*v + v + 28 = 0, -4*t - 2*v = 28. Let m(r) = -r**2 - 25*r - 15. Let h be m(t). Let j = h - -23. List the prime factors of j.
2, 67
List the prime factors of (-8)/(-6) - (7 - 73380/45).
5, 13
Let u be 40/8 + -2 + 1. Suppose w - j - 606 = j, -u*j = 4*w - 2424. What are the prime factors of w?
2, 3, 101
Suppose 3*a + 2*y - 118282 = 0, 22*a + 4*y - 39444 = 21*a. List the prime factors of a.
2, 7, 11
Suppose -14855 = -v - 4*s, 0 = -v + 2*s + 7621 + 7264. What are the prime factors of v?
5, 7, 17
List the prime factors of (-45)/(-9) + (-139)/((-49)/48 + 1).
11, 607
Let b = 3490 + 82190. What are the prime factors of b?
2, 3, 5, 7, 17
Let n(j) = j**2 - j + 35. Let t = 205 - 216. List the prime factors of n(t).
167
Suppose -89*r - 411903 = -99*r + 109747. What are the prime factors of r?
5, 10433
Suppose -q = 13*q - 112. Suppose -5*m + 15 = 5*n, 11 = -0*m + 3*m + 4*n. Let d = m + q. What are the prime factors of d?
3
Suppose -57*l = -523*l + 2149690 + 3675310. What are the prime factors of l?
2, 5
Let o be 1/(1*(-7)/21). Let x(b) = -147*b - 85. List the prime factors of x(o).
2, 89
Suppose 97*x - 1468680 + 989183 = 1974797. What are the prime factors of x?
2, 3, 4217
Let m be (16/14 - 2)*(-10 - -3). Let k(v) = -4 + 3*v + 10*v**2 + 2*v**2 - m + 12*v**2. List the prime factors of k(2).
2, 23
Let n be 14/63 + (-655)/(-9). Let q = n + 12. Suppose 0 = -5*g + 270 - q. What are the prime factors of g?
37
Suppose -l + 24867 = 2*z, 226*z = 230*z - 2*l - 49714. List the prime factors of z.
31, 401
Let q = -50859 - -77833. What are the prime factors of q?
2, 13487
Let t = 19304 - 15696. What are the prime factors of t?
2, 11, 41
Suppose 140*t = 138*t + 4*x + 9410, 2*t - 9422 = x. What are the prime factors of t?
3, 1571
Let o be (-66)/4*(-610)/15. Suppose -2*m + y = -o, 5*m - 1413 = 5*y + 262. Let d = 486 - m. List the prime factors of d.
2, 3, 5
Let y(a) = a**3 + 4*a**2 - 3*a - 6. Let u be y(-7). Suppose -p + 877 - 96 = -4*d, 0 = -4*d + 5*p - 769. Let c = u - d. What are the prime factors of c?
2
Suppose 22*g - 219363 = -17469. List the prime factors of g.
3, 7, 19, 23
Let x(k) = -66*k + 16. Let w be x(4). Let t = w - -950. What are the prime factors of (-4)/(-30)*-3 + t/5?
2, 5, 7
List the prime factors of (-2)/18 + (-61562826)/(-2106).
2, 3, 7, 29
Let j(q) be the third derivative of -q**6/120 + 13*q**5/60 + 19*q**4/12 - 7*q**3/3 - 56*q**2 - q. What are the prime factors of j(12)?
2, 293
Let y be -5*1630/4*24/75. Let h = 1199 + y. List the prime factors of h.
547
Let b(j) = -384*j - 2. Let f be b(-6). Suppose -x = 5*z - f, 8*x = 4*z + 3*x - 1859. What are the prime factors of z?
461
Suppose -259*x + 3150399 = -46*x - 1891737. List the prime factors of x.
2, 11, 269
Suppose 0 = 2*w - m + 1 - 11, -3*w + 29 = -5*m. Suppose -r = -2*r + 120. Suppose -w*s = 3*t - 435, -t = -4*s - 0*s - r. What are the prime factors of t?
2, 5, 7
Suppose -21 = -94*p + 93*p. Suppose p*m = -494 + 2615. List the prime factors of m.
101
Let o = -189 + 385. Suppose o - 1046 = -5*b. What are the prime factors of b?
2, 5, 17
Suppose -14 - 36 = -10*l. Suppose 2*b - 2*k - 2*k = 658, 4*b - 1290 = -l*k. What are the prime factors of b?
5, 13
Suppose 0 = -4*c + 4*q + 552, 2*c + 3*q - 130 = 121. Suppose c = -3*w + 535. What are the prime factors of w?
2, 67
Suppose -4*k + 49 = -5*h + 19, -2*h - 4*k + 16 = 0. Let t be 5/2 + -1*(-1)/h. Suppose -2*u - z = -t*z - 14, -4*u = 4*z - 52. List the prime factors of u.
3
Let m(g) = -5 + 29*g + 37*g - 70*g. Let d be m(-6). Suppose 0 = -22*t + d*t + 123. What are the prime factors of t?
41
Suppose -5*k + f - 10 = 0, -3*k - 4*f - 6 = -0*k. Let j be 102*(k - 3/6). What are the prime factors of j/(-3) - 8/(-2)?
89
Suppose -2*j + 9 + 1 = 0. What are the prime factors of -10 + j/1 + 77?
2, 3
Suppose -12 = -3*f, 0*y = 2*y + 2*f - 178. Suppose -y - 137 = -q. What are the prime factors of q?
2, 3, 37
Let u(k) = -1 + 13 - 6*k + 7 - k**2. Let v be u(-9). Let z(d) = d**3 + 8*d**2 - 8*d + 7. What are the prime factors of z(v)?
71
Let j be (-5107 + -7)/2*-1. Let w = j - 1245. List the prime factors of w.
2, 41
Suppose 0 = 2*p - 5*g - 55, g = 4*p + 6*g - 185. Let z = 214 - p. Suppose 3*m - 40 - 48 = -r, -2*r + z = 5*m. List the prime factors of r.
2, 41
Let b(f) = 1238*f + 359. What are the prime factors of b(7)?
5, 19
Let c = -5645 - -3989. Let f = c - -2972. List the prime factors of f.
2, 7, 47
List the prime factors of ((-2726)/(-87))/((-2)/(-579)).
47, 19